rime factors of 1357089795?
3, 5, 3350839
What are the prime factors of 30976550?
2, 5, 11, 17, 3313
What are the prime factors of 195368506?
2, 97684253
What are the prime factors of 33507146?
2, 19, 47, 73, 257
What are the prime factors of 2942401299?
3, 281, 3490393
List the prime factors of 322833104.
2, 11, 19, 29, 3329
List the prime factors of 1802571360.
2, 3, 5, 163, 23039
What are the prime factors of 11418175?
5, 456727
What are the prime factors of 204103016?
2, 13, 19, 103291
What are the prime factors of 1420898025?
3, 5, 23, 823709
List the prime factors of 39340054.
2, 13, 31, 48809
What are the prime factors of 973896664?
2, 13, 211, 44381
List the prime factors of 3203781690.
2, 3, 5, 106792723
List the prime factors of 86612393.
7, 19, 651221
List the prime factors of 76216046.
2, 47, 810809
What are the prime factors of 59388049?
7, 41, 103
What are the prime factors of 2345850526?
2, 61, 673, 28571
List the prime factors of 342283985.
5, 68456797
List the prime factors of 323097332.
2, 641, 126013
What are the prime factors of 291715774?
2, 7, 947, 22003
List the prime factors of 22695428.
2, 7, 115793
List the prime factors of 28576231.
113, 252887
List the prime factors of 2370714685.
5, 17, 1640633
What are the prime factors of 681484569?
3, 227161523
What are the prime factors of 670027730?
2, 5, 311, 215443
List the prime factors of 23439079.
67, 349837
List the prime factors of 113169448.
2, 7, 2020883
List the prime factors of 670429.
17, 113, 349
List the prime factors of 426060638.
2, 67, 3179557
List the prime factors of 33618957.
3, 139, 80621
List the prime factors of 505830202.
2, 41, 173, 181, 197
List the prime factors of 43569871.
43569871
List the prime factors of 9441609.
3, 3147203
List the prime factors of 375127663.
375127663
What are the prime factors of 102848109?
3, 7, 13, 53819
What are the prime factors of 491953444?
2, 281, 437681
What are the prime factors of 1190781908?
2, 19, 89, 176047
List the prime factors of 60008504.
2, 17, 463, 953
List the prime factors of 99781324.
2, 2819, 8849
What are the prime factors of 395565889?
395565889
What are the prime factors of 10792095?
3, 5, 19, 1993
What are the prime factors of 162665812?
2, 40666453
What are the prime factors of 83041043?
137, 311, 1949
List the prime factors of 465082157.
465082157
List the prime factors of 5168773308.
2, 3, 430731109
What are the prime factors of 40495008?
2, 3, 137, 3079
What are the prime factors of 367091281?
3739, 98179
List the prime factors of 1575383638.
2, 487, 1617437
What are the prime factors of 4033533552?
2, 3, 23, 347, 10529
List the prime factors of 1450451137.
41, 35376857
List the prime factors of 48783007.
7, 13, 239, 2243
List the prime factors of 1152815672.
2, 144101959
List the prime factors of 1307112735.
3, 5, 87140849
What are the prime factors of 382635828?
2, 3, 419, 25367
List the prime factors of 151468303.
7, 21638329
List the prime factors of 286695702.
2, 3, 1783, 8933
List the prime factors of 734160625.
5, 11, 106787
What are the prime factors of 50378328?
2, 3, 7, 11, 13, 233
List the prime factors of 141995611.
17, 1321, 6323
What are the prime factors of 60957060?
2, 3, 5, 139, 7309
What are the prime factors of 78759146?
2, 39379573
List the prime factors of 100926150.
2, 3, 5, 13, 73, 709
What are the prime factors of 127353918?
2, 3, 21225653
What are the prime factors of 20087890?
2, 5, 101, 19889
List the prime factors of 1139025123.
3, 61, 2074727
What are the prime factors of 343233957?
3, 11, 10401029
What are the prime factors of 61624509?
3, 179, 114757
List the prime factors of 3636999791.
1993, 1824887
List the prime factors of 73007264.
2, 11, 433, 479
What are the prime factors of 225168896?
2, 23, 19121
What are the prime factors of 3095131764?
2, 3, 257927647
List the prime factors of 5887680259.
10303, 571453
List the prime factors of 175844335.
5, 19, 107, 17299
List the prime factors of 1761822386.
2, 19, 101, 459047
List the prime factors of 2460487818.
2, 3, 41, 71, 179, 787
List the prime factors of 5708246187.
3, 7, 5209, 52183
What are the prime factors of 143609079?
3, 23, 2081291
What are the prime factors of 34759951?
17, 29, 70507
List the prime factors of 552790747.
552790747
What are the prime factors of 491685686?
2, 19, 541, 23917
What are the prime factors of 30633091?
30633091
What are the prime factors of 2812069?
13, 199, 1087
List the prime factors of 41369273.
11, 3760843
List the prime factors of 997719566.
2, 229, 557, 3911
What are the prime factors of 218057234?
2, 109028617
List the prime factors of 1820243897.
23, 37, 97, 22051
List the prime factors of 36466268.
2, 859, 10613
What are the prime factors of 1302533580?
2, 3, 5, 21708893
What are the prime factors of 927765490?
2, 5, 23, 109, 1609
What are the prime factors of 34498924?
2, 73, 118147
List the prime factors of 139999929.
3, 79, 590717
What are the prime factors of 100995586?
2, 3299, 15307
List the prime factors of 1050320211.
3, 350106737
What are the prime factors of 26565127?
26565127
What are the prime factors of 126831192?
2, 3, 47, 229, 491
What are the prime factors of 215412550?
2, 5, 4308251
List the prime factors of 3450721634.
2, 25147, 68611
What are the prime factors of 4220618?
2, 1423, 1483
What are the prime factors of 845009236?
2, 23, 9184883
List the prime factors of 662842773.
3, 23, 3202139
What are the prime factors of 412816355?
5, 7, 17, 693809
List the prime factors of 122579811.
3, 19, 23, 3463
What are the prime factors of 143405380?
2, 5, 31, 231299
List the prime factors of 900012002.
2, 181, 2486221
List the prime factors of 3189335399.
32359, 98561
What are the prime factors of 239482580?
2, 5, 29, 412901
What are the prime factors of 1632960405?
3, 5, 37, 59, 1847
List the prime factors of 180407.
223, 809
What are the prime factors of 169182459?
3, 277, 22621
What are the prime factors of 123806411?
123806411
What are the prime factors of 2809237767?
3, 7, 19110461
List the prime factors of 367386127.
6599, 55673
What are the prime factors of 19823773?
499, 39727
What are the prime factors of 843866164?
2, 181, 977, 1193
List the prime factors of 3114746968.
2, 43, 569, 15913
List the prime factors of 364870540.
2, 5, 18243527
List the prime factors of 1592752362.
2, 3, 265458727
List the prime factors of 556077320.
2, 5, 29, 479377
List the prime factors of 506280397.
7, 10332253
List the prime factors of 139194922.
2, 809, 86029
List the prime factors of 142117469.
13, 827, 13219
List the prime factors of 99686383.
61, 1634203
List the prime factors of 96897172.
2, 24224293
List the prime factors of 4794276817.
11, 1117, 390191
List the prime factors of 1864037178.
2, 3, 4799, 7193
What are the prime factors of 43341256?
2, 7, 773951
What are the prime factors of 38988160?
2, 5, 60919
List the prime factors of 32769951.
3, 47, 232411
What are the prime factors of 85188861?
3, 53, 59, 1009
What are the prime factors of 2395810410?
2, 3, 5, 7, 23, 53, 191
What are the prime factors of 1022383625?
5, 83, 98543
What are the prime factors of 2794188213?
3, 8429, 36833
What are the prime factors of 113329207?
41, 2764127
List the prime factors of 121768881.
3, 13, 3122279
List the prime factors of 185906801.
139, 1337459
List the prime factors of 481769161.
59, 281, 29059
List the prime factors of 179913624.
2, 3, 11, 661, 1031
What are the prime factors of 136439657?
23, 5932159
List the prime factors of 422953205.
5, 19, 4452139
What are the prime factors of 4820578367?
11, 2689, 162973
List the prime factors of 339175865.
5, 7, 1193, 8123
List the prime factors of 261288780.
2, 3, 5, 4354813
List the prime factors of 61604165.
5, 7, 43, 40933
What are the prime factors of 7791406?
2, 7, 17, 19, 1723
List the prime factors of 614317311.
3, 139, 191, 857
List the prime factors of 291557640.
2, 3, 5, 11, 220877
List the prime factors of 410227677.
3, 211, 216023
List the prime factors of 1688033865.
3, 5, 7, 16076513
What are the prime factors of 252183719?
252183719
List the prime factors of 1346378902.
2, 11, 3319, 18439
What are the prime factors of 707550508?
2, 7, 25269661
List the prime factors of 567659814.
2, 3, 1051, 90019
What 